erivative of -t**3/3 - 4*t**2 + t. Let m = 4 + -12. What are the prime factors of y(m)?
2
Let u(l) = -l**3 - 3*l**2 + 4*l + 2. Let k(v) = 12*v + 1. Let r be k(3). Suppose 3*y - 2*f + 3 = 1, -3*y - 5*f = r. What are the prime factors of u(y)?
2
Let h be (-1)/4 - (-15)/12. What are the prime factors of 35/7 + h + 0?
2, 3
Let j = 8 - 5. Suppose 0 = j*s + 2*s - 50. Let d = -6 + s. What are the prime factors of d?
2
Let p(i) = -i + 1. Let u(a) = -a**3 + 6*a**2 + 2*a - 5. Let y(j) = 4*p(j) + u(j). List the prime factors of y(2).
11
Let q(d) = d**3 - 3*d**2 - 2*d - 2. Let c(l) = 5*l - 1. Let m be c(1). What are the prime factors of q(m)?
2, 3
Suppose 0*c + 16 = 4*c. Suppose x - 2 + c = 0. List the prime factors of (-15)/x - 1/(-2).
2
Suppose r + b = 6*r + 15, 5*b + 45 = -5*r. What are the prime factors of 1 + 2/r*-4?
3
Let w = 0 - -2. Let s = 7 - 3. Suppose y + 3*k - 7 = 3, s*y + w*k - 20 = 0. List the prime factors of y.
2
Suppose -m = -5*f + 551, -2*m = f - m - 109. Suppose 0 = o + 4*h - 31 + 9, -h = -5*o + f. List the prime factors of o.
2, 11
Suppose 2*k + 2*k - 8 = 0. Suppose -2*q = -0*u + u - 6, u + k = 0. What are the prime factors of q?
2
Suppose 111 + 171 = 2*p. What are the prime factors of p?
3, 47
Suppose -4*q = -5*q + 123. What are the prime factors of q?
3, 41
Let h = 5 + -2. Suppose 4*w = -h*n + 40, 5*n + 2*w = n + 40. List the prime factors of n.
2
Suppose 4*j = -3*y + 29, -2*j + 5*j = -2*y + 19. Let f = 34 + y. Suppose 2*o + f = 7*o. List the prime factors of o.
3
Let a = 3 + 4. Let b(c) = -c**2 + 7*c + 9. List the prime factors of b(a).
3
Let o(m) = 12*m - 13. Let w(h) = 18*h - 20. Let t(u) = 8*o(u) - 5*w(u). List the prime factors of t(4).
2, 5
Suppose -4*u + 20 = 0, 2*b - 4*u + 103 = u. Let d = b - -69. List the prime factors of d.
2, 3, 5
Suppose 655 = p + 4*p. List the prime factors of p.
131
Let q(p) = -p**3 - 7*p**2 - 7*p + 1. Suppose 0 = 4*d + 34 - 10. What are the prime factors of q(d)?
7
Suppose 0 = -5*u + 2*a + 505, 5*a = -4*u + u + 303. List the prime factors of u.
101
Suppose d - 2*w = -2 + 10, -5*w - 20 = 0. Suppose d = -5*n + 5 + 20, -g = -2*n - 20. List the prime factors of ((-6)/(-9))/(4/g).
5
Let b = -30 - -204. What are the prime factors of b?
2, 3, 29
Let l be (6/8 - 1)*-28. Suppose 3*j + 12 = l*j. What are the prime factors of j?
3
Let t(y) = -y**2 - 11*y - 15. Let m = -13 + 7. What are the prime factors of t(m)?
3, 5
Suppose 7 = r + 15. Let y = r + 25. Let d = y - 12. List the prime factors of d.
5
List the prime factors of 0 + -2 - -8*(5 - 3).
2, 7
Let w(i) = -3*i - 2. Let s(u) = 7*u + 8. Let n(d) = 11*d + 12. Let x(z) = -5*n(z) + 8*s(z). Let l be x(-8). List the prime factors of w(l).
2, 5
Let y = -313 + 552. What are the prime factors of y?
239
Let b(n) = 2*n**3 - n + 2. Let m be 3/6*2 + 1. List the prime factors of b(m).
2
Suppose 16*p = 4*p. Let f be ((-3)/4)/((-1)/4). Suppose -42 = -p*d - f*d. What are the prime factors of d?
2, 7
Let u = 32 + -12. Let o be (-2 - 7) + 1 + 0. Let c = u + o. List the prime factors of c.
2, 3
Let j = 23 - 15. What are the prime factors of (-2 + 3)*(j - 5)?
3
Let m(u) = 6*u + 4. Let g be m(-3). Let v = -6 - g. What are the prime factors of v?
2
Suppose -3*w = -14 + 5. Let b = w - 6. Let z = 2 - b. List the prime factors of z.
5
Let k = 342 + -214. List the prime factors of k.
2
Let j(i) = -2*i**2 - i + 6*i**2 + 0*i**2 + i**3. Let r be j(-2). Suppose 2*u = -r, -y - 3*u + 0 - 13 = 0. List the prime factors of y.
2
Let q be 1/(-2) - 9/(-2). Let x = q - -5. List the prime factors of x.
3
Suppose 9 = -3*h, y + 2*h - 5 = 34. What are the prime factors of y?
3, 5
Let p = -11 + 13. Suppose 6 = g - p. List the prime factors of g.
2
Let c(u) = -u**2 + 10*u + 11. Let a be c(11). What are the prime factors of (-1 - a - -2)*37?
37
Let v(m) = m**3 + 6*m**2 + m + 6. Let n be v(-6). Suppose n = q - 5*q. Suppose q*i + 4*i + 5*l - 20 = 0, 5*i - 4*l - 66 = 0. List the prime factors of i.
2, 5
Let d(v) = -v**2 - 6*v + 9. Let p be d(-7). Suppose -p = h - 0. What are the prime factors of 51/7 + h/7?
7
Suppose 5*i + 4*k - 312 = 0, 4*i + 3*k = -2*k + 255. List the prime factors of i.
2, 3, 5
Suppose -s = -5*s + 20. Suppose -3*w = -s*w + 30. List the prime factors of w.
3, 5
Let r(m) = m**3 + 7*m**2 - 8*m + 9. List the prime factors of r(-8).
3
Suppose d + 15 = 6*d. Suppose -1 - 30 = -2*x - m, -37 = -2*x - d*m. What are the prime factors of x?
2, 7
Suppose 9*t - 14*t = -310. What are the prime factors of t?
2, 31
Let r(k) = -k**2 - 13*k - 2. What are the prime factors of r(-9)?
2, 17
Let z(p) = -p**2 - 7*p - 6. Let k be z(-6). Suppose 6 = -4*a + 5*n - k, 3*n = -4*a + 10. Suppose -l - a = -17. What are the prime factors of l?
2
Let z be (-4)/(-3)*102/(-1). What are the prime factors of 4/10 - z/10?
2, 7
Suppose 3*n + n - 4*g = 316, 2*g = -2*n + 146. List the prime factors of 16/40 - n/(-10).
2
Let z = -2 + 2. Suppose z = -0*a - a + 20. What are the prime factors of a?
2, 5
Suppose 4*l + 3*p = -21, -6*l + 2*l = -5*p + 29. Let m(c) = 4*c + c**2 + 0*c**2 + 0*c - 3. What are the prime factors of m(l)?
3
Suppose -5*g = -5, 4*v - 8 = -2*g + 6*g. Let j = v + 7. Suppose 2 - j = -2*t. What are the prime factors of t?
2
Let q = 2 + -3. Let a be 1*16/(-2) + 2. List the prime factors of 8*q*(a + 5).
2
Let f(s) = -s**3 - 8*s**2 + 8*s. What are the prime factors of f(-9)?
3
Suppose 12 = 3*i, 3 - 2 = -3*b - 5*i. Suppose -t + 48 = 3*t. Let y = t + b. What are the prime factors of y?
5
Suppose 5*z = g + 7, 4*g = -0*z + 4*z + 4. Let q(p) = 3*p**3 - 3*p**2 - p - 4. List the prime factors of q(g).
47
Suppose -2*m = 5*p, -3*m - 14 = -0*p + 4*p. Let b be (2 - -17) + 3/1. Let w = b + m. List the prime factors of w.
2, 3
What are the prime factors of (-6 - -46)*(-6)/(-8)?
2, 3, 5
Let z be (-126)/8 + 8/(-32). Let g = 3 - -29. Let s = z + g. List the prime factors of s.
2
Let f(m) = 16*m**3 + 2*m**2 - 2*m - 2. List the prime factors of f(2).
2, 5, 13
Let k be (0 - (-3 + 4))*1. Let w be (5 - 6)*(k + -9). Let r = -4 + w. What are the prime factors of r?
2, 3
Let q(n) = -4*n**3 - 2*n**2 + 2*n + 2. List the prime factors of q(-2).
2, 11
Let b be (-10)/35 - 23/(-7). Suppose -b*p + 73 = 16. List the prime factors of p.
19
Suppose 2*u - 84 = -2*u + 2*z, 5*u - 79 = -4*z. Let n = u + -1. List the prime factors of n.
2, 3
Let c(z) = 5*z**2 - 2*z + 1. Suppose t = -5, -4*y + 3*t + 37 = -2*t. Let w be ((-2)/(-4))/(y/6). List the prime factors of c(w).
2
Suppose -3*r - 1 = -25. Suppose 7 = l - r. Suppose -s + 3*q = 7, s = -2*q + 3 + l. List the prime factors of s.
2
Let d = 16 + -13. Suppose s + 4*p - 22 = 0, -s - d*p + 17 = -5. What are the prime factors of s?
2, 11
Let s(b) = -27*b**3 + b + 2. What are the prime factors of s(-1)?
2, 7
Let y be ((-1)/2)/((-5)/(-220)). Let n = y - -9. Let s = -2 - n. What are the prime factors of s?
11
Let l be (6/(-4))/(3/8). Let y(f) = f**2 + 3*f + 10. What are the prime factors of y(l)?
2, 7
Suppose 38 = 2*q - 4*q. Let r = q - -31. What are the prime factors of r?
2, 3
Let h be (1/(-2))/((-2)/16). Suppose -8*i + h*i + 60 = 0. What are the prime factors of i?
3, 5
Let y(k) = -8 - k**2 - 3*k + 1 + 8 + 2*k**3. Suppose -4*l = -5*v - 0 - 3, 0 = 2*l - 2*v - 2. List the prime factors of y(l).
7
Let n(r) = 59*r**2 + 1. Let o be n(-1). List the prime factors of ((-6)/(-4) + -1)*o.
2, 3, 5
Let p be 8/16 + 31/2. Let a = 6 + -4. Suppose -a = -3*h + p. What are the prime factors of h?
2, 3
Suppose 0 = 2*d + 32 - 2. Let v be (0/(-1))/(-3) + d. Let q = v + 26. List the prime factors of q.
11
Let k = -25 + 59. List the prime factors of k.
2, 17
Suppose -16 + 6 = -2*f. Suppose -4 + 20 = 2*o. Let g = o + f. What are the prime factors of g?
13
Suppose 0 = 2*s - 2*p + 38, -4*s - 26 = -5*p + 46. Let r = s - -33. What are the prime factors of r?
2, 5
List the prime factors of (-7)/(2 - (2 + 1)).
7
Let a(l) = -l + 6. Let f be a(4). Suppose 3*y = -5*k + 83, -2*k - 51 = -f*y - 17. What are the prime factors of y?
3, 7
Let v = 9 - 5. Suppose v*z = -k + 6*k - 30, 0 = -4*k - 2*z + 50. What are the prime factors of k?
2, 5
Let y be ((-2)/(-3))/(5/30). Suppose 2*c + 96 = 3*t, -6*t - y*c + 32 = -5*t. List the prime factors of t.
2
Let j = -16 - -8. Let p(q) = -q + 2. What are the prime factors of p(j)?
2, 5
Let a(k) = k + 2. Let h